133233 (base 4) to base 5
-141231043
Convert 1255a (base 12) to base 2.
110000110010110
-1351346 (base 7) to base 6
-3512035
What is 104320123 (base 6) in base 16?
1cdf73
What is -22b9953 (base 12) in base 15?
-8c97c9
What is 440007 (base 10) in base 5?
103040012
What is -22807 (base 14) in base 7?
-466410
What is -30231251 (base 9) in base 14?
-1cd1a65
What is -3ca404 (base 14) in base 2?
-1000000001010110100100
What is -11034431 (base 5) in base 9?
-156014
Convert 1516156 (base 7) to base 2.
110010010110011001
Convert 11001111001111000111 (base 2) to base 4.
3033033013
What is 141aa29 (base 12) in base 6?
222102453
-11111000110010010010101 (base 2) to base 13
-18c57c4
What is 111021102100002 (base 3) in base 5?
3301223103
Convert 261441 (base 8) to base 7.
526024
Convert -1122010000 (base 3) to base 9.
-48100
-a1164 (base 12) to base 10
-209308
Convert 1012102 (base 11) to base 13.
4a8395
131430043 (base 6) to base 7
31052244
-341421104 (base 6) to base 13
-13a5b46
Convert -13606543 (base 8) to base 6.
-150032003
Convert -816d9 (base 15) to base 16.
-64149
Convert 3705a8 (base 11) to base 8.
2171173
-186621 (base 12) to base 8
-1477771
2541489 (base 11) to base 2
10000110100011000010101
Convert 4caf (base 16) to base 5.
1112011
-93709 (base 14) to base 3
-200001110101
Convert -1404831 (base 9) to base 16.
-bc49d
Convert -21001304 (base 5) to base 16.
-2a02f
Convert -50a528 (base 14) to base 12.
-ab0808
-14616342 (base 7) to base 4
-11111231001
Convert 56926 (base 10) to base 7.
324652
933896 (base 12) to base 15
308d66
Convert 13021001303 (base 4) to base 6.
104042335
What is -111010011001011 (base 2) in base 9?
-45011
66aa9 (base 11) to base 12
48289
-370184 (base 9) to base 12
-a9227
Convert 89082 (base 13) to base 10.
248367
Convert -103420210 (base 5) to base 12.
-199209
Convert 325211 (base 7) to base 14.
16b08
What is -10100202021012 (base 3) in base 2?
-110110100000110000100
Convert 133324002 (base 5) to base 6.
22350014
What is 528d1 (base 14) in base 11?
12682a
What is 1425435 (base 7) in base 14?
4db8c
What is -1101001101111000001010 (base 2) in base 16?
-34de0a
Convert -10001111100101101 (base 2) to base 16.
-11f2d
30028661 (base 9) to base 3
1000000222202001
What is 3abf9 (base 16) in base 9?
406070
What is -2112209 (base 10) in base 16?
-203ad1
What is 3342343 (base 5) in base 13?
20b90
What is -1352d9 (base 15) in base 13?
-266997
Convert 1069526 (base 11) to base 14.
36a319
What is 68a (base 12) in base 7?
2554
What is 148439 (base 11) in base 5?
24341124
-523531520 (base 6) to base 3
-122012102020010
-100135113 (base 6) to base 3
-10011222112200
Convert -1625475 (base 8) to base 11.
-2a0a90
-1001100000100101011 (base 2) to base 8
-1140453
What is 12142102 (base 7) in base 12?
444571
What is 15a824 (base 13) in base 3?
1000022020120
Convert -3206695 (base 10) to base 8.
-14167047
Convert 30a562c (base 13) to base 16.
e17eda
Convert 10100111111000101111 (base 2) to base 6.
22423343
Convert -23bb2 (base 14) to base 16.
-15550
-ba32c6 (base 13) to base 11
-251a4a2
-44424 (base 7) to base 12
-6586
What is -13799a (base 14) in base 12?
-286198
What is -3845 (base 11) in base 2?
-1001110010010
What is -6dd62 (base 16) in base 8?
-1556542
Convert 16509488 (base 10) to base 3.
1011001202202112
What is 3b978b6 (base 12) in base 5?
11021120424
What is -2d3768 (base 15) in base 12?
-896715
What is -a73139 (base 11) in base 13?
-481789
221303313 (base 4) to base 16
29cf7
Convert -11100110000000101100111 (base 2) to base 12.
-2635833
24332032 (base 7) to base 6
114350051
102202153 (base 6) to base 4
12310300311
Convert 23303302331 (base 4) to base 11.
1824970
440482 (base 10) to base 15
8a7a7
Convert 12022210101 (base 3) to base 14.
2a2b6
What is 103311266 (base 7) in base 4?
113202212303
Convert -126127 (base 10) to base 2.
-11110110010101111
Convert 23301101310 (base 4) to base 7.
35140263
Convert 2001113 (base 5) to base 3.
1121002021
Convert -53410401 (base 6) to base 9.
-2855571
Convert -1488791 (base 11) to base 10.
-2544488
140031240 (base 6) to base 5
1204203220
-100111110000101001110011 (base 2) to base 7
-154410314
-2a0c02 (base 13) to base 8
-3734122
Convert 5de599 (base 15) to base 11.
25a6619
Convert 3132014 (base 6) to base 12.
7400a
3100034240 (base 5) to base 15
83789a
-58d5f7 (base 16) to base 12
-1b4921b
What is 105161662 (base 7) in base 8?
30266454
Convert -1d8071 (base 14) to base 11.
-663945
What is 234202401 (base 5) in base 16?
108d36
Convert -33510245 (base 6) to base 2.
-11111001000010010101
What is 581610 (base 9) in base 4?
1111030131
Convert -2523321 (base 6) to base 12.
-66541
-410123 (base 12) to base 6
-33440443
Convert 1011333132 (base 4) to base 9.
476230
What is 24cc28c (base 13) in base 8?
53715164
Convert -242481 (base 16) to base 14.
-4592c9
Convert 1c80f (base 16) to base 8.
344017
Convert 647276 (base 9) to base 13.
106836
Convert 21202324 (base 5) to base 9.
301723
Convert 53623775 (base 8) to base 11.
6530409
-69c15 (base 16) to base 3
-211000012110
Convert -1212341 (base 13) to base 16.
-557e5e
What is 43875 (base 13) in base 4?
131312223
What is -1110111001100101010 (base 2) in base 11?
-3038aa
Convert -2002220110 (base 3) to base 9.
-62813
-35525400 (base 6) to base 7
-12325005
Convert 2d21b (base 14) to base 9.
181807
12100010010 (base 3) to base 10
105060
67c7 (base 15) to base 11
155a1
What is -2300621 (base 13) in base 7?
-160350104
-756057 (base 10) to base 15
-ee03c
-320517a (base 11) to base 9
-11551560
What is -253157 (base 8) in base 2?
-10101011001101111
What is -210020011202 (base 3) in base 6?
-12542245
24456753 (base 8) to base 14
a072b1
What is -71711 (base 9) in base 10?
-47233
Convert -1d1e73 (base 16) to base 15.
-27a679
What is 1100100100010001110 (base 2) in base 11?
261425
73774 (base 11) to base 8
321620
Convert 8aa6b (base 13) to base 12.
101b79
What is 1581bb7 (base 13) in base 4?
122120132000
What is -133868 (base 9) in base 3?
-11010222022
Convert -3875c (base 14) to base 2.
-100001110110011110
What is 2608b (base 15) in base 16?
1db1f
What is -4402342104 (base 5) in base 12?
-31a2570
Convert 34301034 (base 5) to base 2.
1001010110011011010
What is 4269a6 (base 11) in base 13?
1ab968
What is 1431a2 (base 15) in base 14?
1b4517
What is 208099 (base 16) in base 7?
24051061
Convert -1440444 (base 6) to base 12.
-40124
What is -10284c (base 13) in base 3?
-201011021210
Convert -92312 (base 10) to base 9.
-150558
100101011110 (base 2) to base 6
15034
What is 1920a9 (base 12) in base 6?
13224333
Convert -204444131 (base 6) to base 11.
-2028010
-2007633 (base 8) to base 2
-10000000111110011011
What is 2473025 (base 8) in base 13?
1b0098
What is 43522 (base 6) in base 4?
1132022
Convert 639a67 (base 11) to base 16.
f9e03
-1002210000021 (base 3) to base 16
-8f18b
15020777 (base 8) to base 14
64d171
-230110201 (base 4) to base 12
-89081
What is -422107 (base 9) in base 4?
-331033300
302aa8 (base 11) to base 4
1312323213
Convert 777202 (base 10) to base 15.
105437
-2585785 (base 10) to base 3
-11212101000211
-111213013 (base 4) to base 13
-313a2
28085 (base 12) to base 14
1628d
Convert -46767274 (base 8) to base 13.
-216a580
Convert -1ecd58 (base 16) to base 15.
-29d1b8
Convert 11022111202012 (base 3) to base 9.
4274665
-2238819 (base 14) to base 6
-1340444155
Convert -1034130 (base 5) to base 6.
-215304
-1277 (base 16) to base 13
-21c8
Convert 3100213113 (base 4) to base 13.
23bc1a
What is 1474742 (base 9) in base 3?
1112111211102
Convert -26638724 (base 9) to base 14.
-1a5cb30
-646440 (base 7) to base 2
-11011100001011000
What is 330021333 (base 4) in base 11?
15913a
11011011110011111 (base 2) to base 10
112543
What is 5504581 (base 9) in base 11?
1739851
Convert -1b7898 (base 12) to base 2.
-1110111101100110100
195935a (base 11) to base 15
454b22
Convert 9849721 (base 10) to base 12.
33700a1
Convert -2041322033 (base 5) to base 16.
-40c714
Convert -1398524 (base 10) to base 7.
-14613221
Convert -222323302310 (base 4) to base 13.
-2440b56
What is -14200333 (base 5) in base 7?
-1151323
Convert 22aaa1b (base 12) to base 10.
6695735
2816aa (base 13) to base 11
606111
633863 (base 12) to base 2
101111101010000001011
What is -336191 (base 10) in base 12?
-14267b
13b972 (base 12) 